= -t**2 + t. Let l(z) = r*q(z) + 5*u(z). Give l(-4).
14
Let d be -303 + 295 - (-2 + -6). Let c(k) = -15*k + 16. Calculate c(d).
16
Let i(x) = 4*x + 13. Let u be -9*(-12 - (-348)/27). What is i(u)?
-19
Let r(o) = -2*o**2 + 24*o - 64. Let t(v) = v**3 + 5*v**2 + v - 8. Let n be t(-3). Calculate r(n).
6
Let w(g) = 883 - 7*g**3 + 2*g**3 - 882 - g**2 + g**3 + g**3. Let r(v) = -v**3 - 5*v**2 - v - 2. Let t be r(-5). Suppose t*f + 1 = 2*f. What is w(f)?
3
Let f be (-1231)/(-9) + (272/(-72) - -4). Suppose -g + 4*g = 2*i + f, 4*i + 278 = 2*g. Let a = 63 + i. Let v(w) = -w**3 - 7*w**2 - 3*w - 9. Determine v(a).
12
Suppose -73*x - 6 = -75*x. Suppose 3*f - x*w = -21, -12*f + 10*f = 4*w - 16. Let s(c) = 2*c**3 + 4*c**2 + 3*c. What is s(f)?
-6
Let b(o) = 2*o**2 + 76*o - 533. Let w be b(6). Let j(p) = -20*p - 102. Calculate j(w).
-2
Suppose 8 = r + 2. Let b(v) = r + 0*v**2 - 2*v**2 + 4*v + 6*v + v**2. What is b(10)?
6
Suppose -2*q - 6 = -4*d, 21*q = 22*q - 3*d + 4. Let u be (-50)/(-4) + (-4)/(-8). Let a(k) = -6*k + 3 + 3 - 5 + u*k. What is a(q)?
-6
Suppose -4*v + 8*v = 4. Let t be (v - -1)/2*(-292)/73. Let o(b) = -b**2 - 4*b - 5. What is o(t)?
-5
Let q(o) = -2*o + 2. Let g(m) = -2*m**2 + 16*m + 83. Let f be g(20). Let s = 403 + f. Determine q(s).
-10
Let o(u) = -9 - 2*u**2 - 19*u + 67*u - 19*u. Let f be o(14). Let y(l) = -f*l + 8*l - 3 - 4*l. Calculate y(-7).
4
Let i(o) = o + 2. Suppose 0 = -b - 5*n + 191, 5*b - 981 = 8*n - 7*n. Let v = b + -190. Calculate i(v).
8
Let v(l) = 6*l**3 + 2*l**2 + l. Suppose -u - 5*m = -14, 0 = -8*m + 6*m + 6. Determine v(u).
-5
Let s(i) be the second derivative of 3/2*i**3 - 21*i + 3*i**2 - 5/6*i**4 + 1/20*i**5 + 0. Let f(b) = -b**2 + 11*b + 9. Let d be f(11). Determine s(d).
6
Let a be (-6)/4*8/6. Let m(f) = -72*f - 13. Let u(v) = -119*v - 22. Let o(y) = 5*m(y) - 3*u(y). Calculate o(a).
7
Let u(x) be the second derivative of 2/3*x**4 + 134*x + 3*x**2 + 1/20*x**5 + 7/6*x**3 + 0. What is u(-7)?
6
Let b(r) = -166 + 10*r + 20*r - r - 25*r. Determine b(42).
2
Let i(v) = 7*v + 47. Suppose -2*a = -3*b + 41, -43*a + 78 = -47*a + 2*b. What is i(a)?
-86
Suppose -4*x + 7 = 3*h - 5, -x - 5*h + 20 = 0. Let a(v) = -107*v**3 + x - 3 + 3*v + 106*v**3. Determine a(2).
-5
Let q(h) = -22*h - 77 + 43*h - 21*h - 23*h. Determine q(-3).
-8
Let z(r) be the second derivative of 51*r + 1/12*r**4 + 0 - 5/6*r**3 - 2*r**2. Let t = 12 - 7. Determine z(t).
-4
Let c(n) = -n - 14. Let q(w) = 2*w + 25. Let t(x) = -5*c(x) - 3*q(x). Let k(y) = -y - 6. Let j(l) = 4*k(l) - 5*t(l). Determine j(6).
7
Let c(h) = 2 - 3 + 8 + h**2 - 5 - h. Let y be c(1). Let z(b) = -2 - 2 - b + y. Determine z(8).
-10
Suppose 0 = 9*p - 10 - 8. Suppose -5*a = c - 48, 0 = -p*c + 4*c - 6. Let l(z) = -z**2 + 8*z - 8. Determine l(a).
-17
Let b(w) = w**2 - 12*w + 2. Suppose 5*f - 6*a - 10 = -a, 4*f = -3*a + 29. Suppose 2*l = -3*i + 5, 8*i - f*l - 45 = 4*i. What is b(i)?
-33
Suppose -6*l = -8*l - 4*a + 12, 0 = 2*l - 5*a + 15. Let z(t) = 3*t**2 + 0*t**2 - 5*t**2 + t**2 + 2*t**2 - 23. What is z(l)?
-23
Let c(q) = -q - 2. Let d(u) = -u**3 + 16*u**2 + 38*u + 19. Let f be d(17). Let n = 374 - f. Determine c(n).
0
Let d(i) = i + 1. Let y be d(-2). Let p(s) be the third derivative of -s**4/24 - s**3/2 + 1073*s**2 + 2*s. Determine p(y).
-2
Let z(l) = -l**3 - l**2 + 2*l - 1. Let t(a) = 5*a + 37. Let c(j) = j - 1. Let y(w) = 3*c(w) - t(w). Let d be y(-21). Suppose g = 3*g - d. Determine z(g).
-1
Let o(g) = -3*g - 62*g**2 - 85*g**2 + 200*g**2 - 57*g**2 - 7. Calculate o(-4).
-59
Let c(u) = u**3 - 4*u**2 - 5*u + 1. Let d(l) = -2*l**3 + 9*l**2 + 12*l - 3. Let x(h) = 5*c(h) + 2*d(h). Let t(i) = -i - 5. Let w be t(-7). Determine x(w).
-3
Let t = -81 - -100. Suppose 0 = -4*c + 3 - t. Let n(w) = 5*w**3 - 16*w**3 + 12*w**3 - 4*w**2 + 4 + 8*w**2. Calculate n(c).
4
Let s(a) = -a**2 - 3*a - 1. Let p(w) = 20*w + 117. Let c be p(-10). Let l = 79 + c. Calculate s(l).
-5
Let l(v) = -4*v + 2. Let t = 220 - 191. Suppose -2*w = -4*q + 12, -26*q + t*q + 4*w = -2. Determine l(q).
-6
Let i(d) = -d**2 - 9*d - 9. Let n = 36 + -20. Let p(b) = -b**2 + 13*b + 5. Let f be p(n). Let k = -50 - f. Give i(k).
5
Suppose -2*b = 3*b - 2*b. Suppose 20 = 4*j - b*j. Suppose -r = j*t - 11, -14 = 3*r - 7*r - 5*t. Let n(c) = -10*c + 1. Give n(r).
-9
Let f(l) = 5*l**3 - l**2 - l - 1. Let c = -545 + 557. Suppose -146*u = -152*u - c. Give f(u).
-43
Let b(l) be the third derivative of -l**5/60 + l**4/6 + l**3 + 12*l**2 + 90*l. Let g(s) = s + s**2 + 0*s + 3*s - 6. Let f be g(-6). Give b(f).
-6
Let v(z) = z**2 - 4*z - 14. Let q be v(-6). Let f(k) = -2*k - q + 44 + 0*k. Give f(2).
-6
Let l(b) = -1 - 63*b**2 - 27*b**2 - 22*b**2 + 3*b + 109*b**2. Let f be 2 - (-2 + 0)/(-1). Suppose -3*c = -f*x + x + 9, -2*c = 5*x - 7. What is l(x)?
-19
Let l(r) = r**2 - 12*r + 8. Let w = -353 + 374. Let z be 24*7*1/w. Calculate l(z).
-24
Suppose 4*v = 502*p - 498*p - 184, -2*v = 3*p - 163. Let f(z) = 2*z**2 - 98*z - 201. What is f(p)?
3
Suppose 24*f - 13572 = 18*f. Let v(t) = f*t + 3 + t**2 + 3*t**2 - 2260*t. Calculate v(-3).
33
Let l = 6020 + -6040. Let q(c) = c**3 + 21*c**2 + 21*c + 10. Determine q(l).
-10
Let s(c) = -c**2 + 7*c + 1744 + c - 798 - 885. Determine s(-5).
-4
Suppose 4*j + 55 - 759 = 3*u, 2*j = -4*u + 374. Let l = -291 + j. Let o = 108 + l. Let p(f) = -f**3 - 5*f**2 - 4*f + 5. Give p(o).
5
Let h(r) be the second derivative of -r**4/12 + 4*r**3/3 + r**2 - 43*r - 10. Calculate h(6).
14
Let i(v) = -v**3 + 10*v**2 - 9*v - 8. Suppose -6*o - 39 = -9. Let c be 4 + o + 2 - -8. Calculate i(c).
-8
Let q(z) = -2 - 4*z + 11*z**2 - 6*z**2 + 2 + 1 - z**3. Let w(c) = 7*c + 94. Let d be w(-13). What is q(d)?
7
Let j(z) be the first derivative of 2*z**3/3 + 5*z**2/2 + 2*z - 2. Let q = 150 - 269. Let k = q - -116. Give j(k).
5
Suppose -49*o - 173 = 170. Let m(h) = 7*h + 4*h - 8 - 12*h + 0*h. Determine m(o).
-1
Let g(i) be the second derivative of -i**5/20 - 2*i**4/3 + 11*i**3/6 + 7*i**2/2 - 20*i + 20. What is g(-8)?
-81
Let w(q) = q + 1. Let l be (-2)/2*0/1. Let a = -12 + l. Let m be (2 - (1 + 2))/(3/a). Calculate w(m).
5
Let m(s) = -13*s - 11 + 8*s**2 - 15*s**3 + 14*s**3 + 7*s**2. Let g = 185 + -171. Calculate m(g).
3
Let l(c) be the first derivative of c**2/2 + 8*c + 339. Suppose 0 = y - 2, 4*y = -5*z + 3*z + 32. Suppose -2*s - j = z, 0*s - 5*s = 3*j + 30. Give l(s).
2
Let u(g) be the third derivative of -5*g**4/24 + g**2 + 68. What is u(-3)?
15
Suppose -5*g + 22*h - 17*h = -1100, 425 = 2*g + 3*h. Let k = -202 + g. Let q(n) = n - 23. Give q(k).
-8
Let i = 720 + -726. Let n(a) = a - 7. Let k(u) = u. Suppose b + 3*r = -4, -4 = -2*b - 4*r - 12. Let p(y) = b*k(y) + n(y). Calculate p(i).
11
Let f(z) = 4 + 4*z**2 - 5 + z**2 - z**3 + 3*z. Suppose -103 = -49*s + 142. Give f(s).
14
Let k(q) = -3*q**2 + 37*q + 30. Let g be k(13). Suppose -2*m = g*p - 8, -7*p + 9*p - 3*m = -12. Let o(h) = h**2 - h - 40. What is o(p)?
-40
Let x = -19 - -23. Suppose 2*o = x*k + 6*o, -k + o = 0. Let v(j) = -3 + k - 2*j + 7 + 0. Calculate v(-3).
10
Let l(k) = 7 - k + 3 + 2*k - 2*k. Let y(m) = 7*m**3 + 3*m + 5. Let f be y(-2). Let q = f + 57. Calculate l(q).
10
Let l be (3/9)/(6/648*-9). Let t(v) = 2*v**2 - v - 1. Determine t(l).
35
Let l(g) = g**2 + 5*g - 88. Let i be 115/15 - ((-54)/(-189))/((-6)/7). Calculate l(i).
16
Let f(d) = -50*d**2 + 77*d**3 + 3*d + 49*d**2 - 5893 - 13*d**3 + 5896. Determine f(-1).
-65
Let z(r) = -27*r - 37*r - 32*r - 41*r + 27 - r**2 + 125*r. Give z(-13).
14
Let d(w) = 23*w - 41. Let z(r) = -17*r + 40. Let h(a) = 4*d(a) + 5*z(a). Determine h(-5).
1
Suppose -4*m = 4*x + 760, 0*m + 5*m = x + 184. Let z be -49*(-9)/x*-3. Let i(b) = 1 - b - 2 + 0. Calculate i(z).
-8
Suppose -10*k = -17 - 3. Let h(g) = 8 + 11 + 0*g**k - 17 + 5*g**2 + g**3 + 4*g. Let t be (-3)/(3/4*1). Calculate h(t).
2
Let c(i) = -26*i - 1. Let u(w) = -2*w + 87. Let p be u(30). Suppose 0 = 2*o + 25 - p. Determine c(o).
-27
Let t(q) = -q**3 - 6*q**2 - 6*q. Let j(v) be the second derivative of -v**5/20 - 11*v**4/12 - 5*v**3/3 - 2*v**2 - 29*v. Let h be j(-10). Determine t(h).
-8
Let w(f) = f + 10. Let x be (-173)/2 - (-1)/(-2). Suppose 3*s + 5*z = 220, -96*s + 92*s + 308 = 3*z. Let v = s + x. Give w(v).
3
Let x = 2 + 0. Let b = 0 + x. Let o(z) = 2*z**2 + 67*z - 3 - 4*z**b + 7 - 69*z. Give o(-3).
-8
Let l(w) = 4*w*